hat is -8 + (2 + -2 - -4)?
-4
Calculate -6 - -10 - (11 + -2) - 0.
-5
Calculate 10 + (-8 - 1 - (-62 + 54)).
9
-8 + 5 - -3 - (-1 - 5)
6
What is 2 + 4 + (0 - 4)?
2
Evaluate -3 - (5 - (0 - -3)).
-5
Calculate 1 + 1 - (-3 - (-1 + 1)).
5
12 - ((8 - 1) + 8)
-3
What is the value of (3 - 5) + -2 + (-4 - -11)?
3
Evaluate -1 + 9 - (-3 + 11 + -2).
2
3 - (1 - (-13 + 19))
8
Calculate -3 - (5 + -1 + -11) - 7.
-3
Calculate 10 - ((-3 - -9) + -2 + -1).
7
What is the value of -1 - (2 + 1 + (3 - 4))?
-3
What is the value of (3 - (3 + -9)) + (4 - 8)?
5
Evaluate -1 + (-2 - (1 + -3)).
-1
Calculate 3 + (19 + -9 - 6).
7
What is the value of (1 - -1) + 0 - (-3 - -2)?
3
What is the value of 5 + 0 + (3 - (-2 - -3))?
7
3 + 12 - (25 - 13)
3
What is -2 + (4 - 5) - -8?
5
-37 + 34 + -1 + -1
-5
-6 - (2 + -2 + -1)
-5
What is (-13 - -2) + (4 - (8 - 9))?
-6
What is the value of -11 - (-5 + -1 - (-2 - -2))?
-5
Evaluate 2 + -3 + -31 + 34.
2
What is 1 + (6 - 2) + -17 + 6?
-6
What is the value of -106 - -96 - (-16 - -1)?
5
Calculate -7 - (-10 + 5 + -2).
0
Evaluate 1 - -5 - (1 + 2 + 0).
3
What is the value of -7 + 10 + -2 + -4?
-3
Calculate 8 + -1 + (14 - (-2 - -17)).
6
(6 + -4 - 0) + -2
0
Evaluate (2 - -1 - (-2 + 0)) + 0.
5
What is the value of 2 - 1 - (3 + -4) - -2?
4
What is -2 - (4 + (-1 - 5))?
0
What is the value of -37 + 31 - (0 - 1 - 2)?
-3
Evaluate (4 - 8 - -7) + -3.
0
Evaluate -5 + 2 + -1 + (-16 - -15).
-5
What is the value of 1 - -1 - (-39 - -40)?
1
(-6 + (-3 - 1) - -5) + 6
1
What is the value of -4 - -4 - -9 - 5?
4
3 - 1 - (0 - 2)
4
Evaluate -4 + 0 + (2 - -7).
5
2 + (0 - (-3 + 7))
-2
Calculate -2 + -1 + 1 + 3 + 0.
1
What is (0 - 3 - -5) + 2?
4
What is -14 + 3 + (-17 - -29)?
1
-5 - (-3 + 1 + -2)
-1
Calculate -6 + (-3 + 0 - 3) + 16.
4
Calculate 6 + -5 + 1 + 1.
3
What is -6 + (3 + 4 - 7)?
-6
What is the value of -8 + 22 - (5 - 0)?
9
Evaluate 0 + (4 - (7 + -1)).
-2
6 - 9 - (-1 - 2)
0
What is the value of 5 + -8 - (-1 + 3)?
-5
Calculate 9 + -4 + -3 - 3 - -3.
2
What is (5 + -2 - 6) + -2?
-5
What is the value of 3 + -5 + (0 - 5)?
-7
-3 + 8 - (1 + -2 + 4)
2
What is the value of (0 + 4 - 0) + -1 - 6?
-3
What is the value of 7 + (-22 - (7 + -15))?
-7
What is the value of -2 - (6 - (-2 + 0 - -13))?
3
What is the value of -1 + (-4 + 3 - 3)?
-5
What is the value of -1 + 11 + -7 + 2?
5
Calculate (5 - 3 - -2) + (-5 - 3).
-4
What is -3 + (0 + 3 - 5)?
-5
What is the value of 5 - ((4 - 4 - 3) + 10)?
-2
Evaluate -4 + 2 - -4 - (7 - 5).
0
Calculate 12 + (8 - 32) + 6.
-6
What is 7 - (14 + (8 - 9))?
-6
What is the value of 2 + 3 + -4 + (-1 - 1)?
-1
What is 7 + (5 - (-1 - -8))?
5
What is 4 + (1 - 0) + -3?
2
-4 - (-1 + 2) - 2 - -2
-5
What is (-3 - -14) + (-22 - -15)?
4
Evaluate -6 + 2 + -2 + 1 + 2.
-3
What is the value of 12 - (22 - -2 - 15)?
3
Evaluate -2 - ((4 - 11) + 8).
-3
Calculate -9 - -2 - -3 - -5.
1
What is the value of -4 + (-2 - -6) + -4?
-4
3 + -7 + 1 - -2
-1
What is the value of 0 - 3 - -4 - (20 - 12)?
-7
What is the value of 11 + (-4 - 1) + -1?
5
Evaluate (-2 - 0) + (-4 - (-19 - -13)).
0
What is the value of 1 + (2 - (-4 - -12) - -3)?
-2
(7 + -2 - 7) + 5
3
Evaluate (0 - 6 - 10) + (5 - -2).
-9
What is the value of -2 - (2 + -4 + -1 + 1)?
0
Calculate -2 + 4 + -3 + (-3 - -2).
-2
Calculate -8 + 6 + -10 + 6.
-6
Evaluate 14 + -16 + (0 + -2 - -3).
-1
Calculate 17 + -17 + (-2 - -1) + 2.
1
Evaluate (-40 - -34) + (2 - 4) + 10.
2
-1 - -3 - (2 + 1)
-1
5 - (14 - 2 - -1 - 4)
-4
Calculate (-1 - -2 - 2) + (6 - 11).
-6
Evaluate (-3 - -3 - 0 - -2) + -1.
1
What is the value of 1 + -6 + 4 - 2?
-3
What is the value of -2 - ((4 - (2 + 4)) + 0)?
0
Evaluate 4 - 16 - -5 - -7.
0
Evaluate -1 + -1 + (1 - (6 - 6)).
-1
Calculate -2 + (0 - -2 - 0) + -2.
-2
Calculate (-3 - -2) + (-6 - -9).
2
-2 - (7 + -11 - 0 - -3)
-1
Calculate -5 - 8 - -6 - -13.
6
Calculate (-3 - (-1 - 0)) + -1.
-3
(9 - -7) + -8 + -10
-2
What is the value of -1 - (-4 - (2 - 4))?
1
What is the value of (2 - -1) + 4 + -5?
2
What is (-2 - ((3 - 2) + -8)) + -2?
3
(-6 - (-2 + -1 - 8)) + -4
1
Calculate (-3 - -3) + 3 + 1.
4
What is -1 - 1 - (-106 + 108)?
-4
Calculate (-5 + 1 - -5) + -6.
-5
What is (-6 - -4 - -4) + 0 + -7?
-5
Calculate (-2 + 10 - 12) + -1 + 0.
-5
Calculate 0 - -4 - (93 + -85).
-4
-23 - (5 - (22 - 2))
-8
What is the value of (-3 - -1) + -5 + 3 + 0?
-4
Calculate (16 - 21) + 1 + 3 + 1.
0
What is the value of (2 - 0) + -5 - (10 + -15)?
2
Calculate -4 + 3 + -3 + 3.
-1
What is the value of (2 - (-1 - 0)) + -4 + 2?
1
What is (1 - 2) + 7 + -2 + -9?
-5
Calculate 0 - (5 + 1 + -3).
-3
What is 0 - (3 - (-1 + 2)) - 1?
-3
What is the value of (4 - 0) + (-8 - -4 - 4)?
-4
What is the value of -10 - 1 - (-36 - -31) - -6?
0
What is -4 + (0 - -5 - 4)?
-3
Evaluate -1 - 0 - (-143 - -139).
3
What is 7 + (12 - (2 + 8))?
9
Calculate (2 - 5) + (-3 - 5) + 5.
-6
What is the value of -47 + 45 + 10 + 0?
8
Calculate 1 + (-6 + 9 - -5).
9
Evaluate -12 - (10 + 10 + -27).
-5
10 - (-6 - (1 + -13))
4
What is the value of -1 - 0 - ((-1 - 2) + 0)?
2
(8 - 0 - 3 - 3) + 2
4
Evaluate -3 + 1 - (6 - 5).
-3
Calculate 8 - (2 - -4 - (9 + -6)).
5
Calculate 6 + -5 + (-2 - -1 - -4).
4
Calculate 0 + 2 - (-3 - (-5 - -2)).
2
What is the value of (1 - 7) + (45 - 42)?
-3
Evaluate (4 - (3 + 1)) + (2 - 3).
-1
Calculate -4 + (-1 + 7 - (1 + 5)).
-4
What is -1 - 5 - (-13 + 4) - -4?
7
-7 + (-5 - -21) - (5 + 1)
3
-1 - -2 - (5 - -1)
-5
Calculate 3 + -2 + 1 + -3.
-1
Calculate (-8 - -20) + -19 + (0 - -8).
1
What is the value of 0 + (3 - (-5 + 9) - -1)?
0
-19 + 12 + -1 + 0
-8
2 + (1 - 8) - (5 + -7)
-3
(-3 - 1) + -3 - -5
-2
What is the value of 4 - (-4 + -5 + 12) - 0?
1
Evaluate -1 - -2 - 6 - (-3 + 0).
-2
2 + -5 + (0 - -2)
-1
Calculate -8 - (3 + -9) - (-6 + -1).
5
Calculate 6 + -2 - (7 - 2).
-1
What is the value of -4 - (-1 - 8) - 2?
3
Calculate -1 + (-3 + 1 - (9 + -10)).
-2
What is the value of (2 - -1) + (-11 - (-1 + -3))?
-4
Calculate (-10 - (-4 - 0)) + -5 + 13.
2
Calculate (10 + -4 - 3) + 3 + 1.
7
Calculate 1 + -2 - (4 - 0 - 11).
6
(5 - (-7 - -8)) + -8
-4
Evaluate 17 + -14 - (3 - 0).
0
What is the value of -7 + 3 + -2 + 13?
7
Evaluate (-1 - (6 - 11)) + -8.
-4
-2 + (-4 - (0 - 7)) + 4
5
What is the value of 2 + 1 + -5 + 1?
-1
Calculate 0 - (-6 - -1) - 8.
-3
Evaluate 7 + (2 - (2 - -9)).
-2
What is 6 + -1 + 13 + -10?
8
Calculate -1 - 1 - (-11 + 2 - -3).
4
What is (1 - 3) + (-1 - 1) + -1?
-5
What is the value of (12 - 4) + -1 + -8?
-1
10 + 0 - (16 - 13)
7
Calculate (9 - 2) + (1 + 0 - 6).
2
What is -1 - (1 - (-3 + (-3 - -6)))?
-2
What is 9 + -1 + -1 + 0 + -2?
5
Calculate 2 - 1 - (-5 + 1).
5
-4 + ((-2 - -5) + -4 - -1)
-4
What is 5 + -2 + 0 + -2?
1
What is -11 - (-15 - 10) - (9 - 1)?
6
Evaluate (-3 - 2) + (0 - (4 - 8)).
-1
What is the value of 8 - (-7 - -13 - (5 + -2))?
5
5 - 6 - 1 - 0
-2
1 + (-1 - (-1 + 0 + -1))
2
What is 9 + -8 + (1 - 3 - 0)?
-1
Calculate (8 + -2 - 4) + -9.
-7
What is (5 - (4 + 1)) + 1?
1
Evaluate (2 - (13 - 3)) + (-18 - -20).
-6
(-8 - -12) + 0 + -3
1
What is 6 + (-3 + 1 - -2) + -1?
5
-6 + 0 + 3 + (0 - 2)
-5
What is -1 + 3 - (0 - 2)?
4
Evaluate 15 - 7 - 11 - -9.
6
-4 + -10 + 7 + 10
3
Calculate -3 + -3 + (-3 - -7).
-2
Calculate 3 - 8 - -10 - (3 - 0).
2
Calculate (-4 - (-3 + -5)) + -8.
-4
What is the value of 0 + -6 + (9 - 7) + 2?
-2
What is (4 - 0) + -3 + (4 - 1)?
4
Evaluate -5 + 6 + -1 + 4.
4
What is the value of 14 + 0 + 2 + -11?
5
Evaluate 9 + -2 + (2 - 4) + 0.
5
Evaluate (-3 - 7 - -22) + -9.
3
Evaluate 3 + -8 + -50 + 51.
-4
What is the value of (-7 - (0 + 1)) + 250 + -252?
-10
-1 - (-3 + -3 + 2 - -2)
1
-8 - (-5 - 8) - 6
-1
Calculate -4 - -11 - (1 + -2 + 7).
1
What is the value of (4 - (9 - -1)) + 4 + -2?
-4
What is 1 + (0 - 6) + 5 - 3?
-3
What is -1 + 12 + 1 - (28 - 24)?
8
Calculate 8 + -8 + (1 - 4) + 6.
3
Calculate -11 - (2 + 0) - -11.
-2
What is the value of -3 - (-3 - (-4 + 2 - -5))?
3
Calculate -2 + 2 - (-6 + -3 - -1).
8
What is the value of -2 + (4 - (-3 + 11)) - -12?
6
9 + (5 - 2 - 7) + -1
4
-3 + -2 - (-7 - (-3 - -4))
3
Calculate (1 - 4) + (0 - (4 - 9)).
2
Calculate 2 + -5 + 7 + -8.
-4
Evaluate (3 - 6 - -1) + -1 + -1.
-4
Evaluate 4 + (-4 - (-5 - -2)).
3
What is the value of -18 + 24 - (0 + 5)?
1
Evaluate (-3 - 4) + -5 + 5.
-7
What is -4 + 10 - (8 + 0)?
-2
Calculate (8 - (14 + 4)) + 6.
-4
(0 - 0) + 6 + -10 + -3
-7
0 - -1 - (-9 + 5)
5
What is the value of 0 - 6 - (3 + -2 + -1)?
-6